{"id":13,"date":"2024-08-31T10:56:47","date_gmt":"2024-08-31T10:56:47","guid":{"rendered":"https:\/\/vhbw.org\/team\/"},"modified":"2025-09-10T14:48:06","modified_gmt":"2025-09-10T14:48:06","slug":"ueber-den-vhbw","status":"publish","type":"page","link":"https:\/\/vhbw.org\/home\/ueber-den-vhbw\/","title":{"rendered":"\u00dcber den VHBW"},"content":{"rendered":"\n<div class=\"wp-block-group alignfull has-background-background-color has-background has-global-padding is-layout-constrained wp-block-group-is-layout-constrained\" style=\"margin-top:0;margin-bottom:0;padding-top:0;padding-bottom:0\">\n<div class=\"wp-block-cover alignfull\" style=\"padding-top:0;padding-right:var(--wp--preset--spacing--30);padding-bottom:0;padding-left:var(--wp--preset--spacing--30);min-height:50px;aspect-ratio:unset;\"><img loading=\"lazy\" decoding=\"async\" width=\"1280\" height=\"630\" class=\"wp-block-cover__image-background wp-image-242\" alt=\"\" src=\"https:\/\/vhbw.org\/wp-content\/uploads\/2024\/10\/Header-Profil-Adobe-Stock-14147175.jpg\" data-object-fit=\"cover\" srcset=\"https:\/\/vhbw.org\/wp-content\/uploads\/2024\/10\/Header-Profil-Adobe-Stock-14147175.jpg 1280w, https:\/\/vhbw.org\/wp-content\/uploads\/2024\/10\/Header-Profil-Adobe-Stock-14147175-300x148.jpg 300w, https:\/\/vhbw.org\/wp-content\/uploads\/2024\/10\/Header-Profil-Adobe-Stock-14147175-1024x504.jpg 1024w, https:\/\/vhbw.org\/wp-content\/uploads\/2024\/10\/Header-Profil-Adobe-Stock-14147175-768x378.jpg 768w\" sizes=\"auto, (max-width: 1280px) 100vw, 1280px\" \/><span aria-hidden=\"true\" class=\"wp-block-cover__background has-black-background-color has-background-dim-60 has-background-dim\"><\/span><div class=\"wp-block-cover__inner-container is-layout-flow wp-block-cover-is-layout-flow\">\n<div class=\"wp-block-group has-global-padding is-layout-constrained wp-block-group-is-layout-constrained\" style=\"padding-top:var(--wp--preset--spacing--60);padding-bottom:var(--wp--preset--spacing--60)\">\n<h2 class=\"wp-block-heading has-text-align-left has-base-2-color has-text-color has-link-color has-body-font-family has-xx-large-font-size wp-elements-5378e9e75f2662709735f084a65d270e\">\u00dcber den VHBW<\/h2>\n\n\n\n<p>Gemeinsam die Bev\u00f6lkerungswarnung in Deutschland st\u00e4rken<\/p>\n<\/div>\n<\/div><\/div>\n<\/div>\n\n\n\n<div class=\"wp-block-group alignfull has-tertiary-background-color has-background has-global-padding is-layout-constrained wp-container-core-group-is-layout-254d6575 wp-block-group-is-layout-constrained\" style=\"margin-top:0;margin-bottom:0;padding-top:var(--wp--preset--spacing--60);padding-right:var(--wp--preset--spacing--30);padding-bottom:var(--wp--preset--spacing--60);padding-left:var(--wp--preset--spacing--30)\">\n<div class=\"wp-block-group has-global-padding is-content-justification-center is-layout-constrained wp-block-group-is-layout-constrained\">\n<h2 class=\"wp-block-heading has-text-align-left has-body-font-family has-large-font-size\">Aufgaben &amp; Ziele <\/h2>\n\n\n\n<p class=\"has-text-align-left\" style=\"margin-top:16px\">Der Verband der Hersteller von Bev\u00f6lkerungswarnsystemen e.V. VHBW mit Sitz in M\u00fcnchen ist eine Interessenvereinigung zur St\u00e4rkung der Bev\u00f6lkerungswarnung in Deutschland. Ziel und Aufgabe sind die Zusammenarbeit u.a. mit kommunalen Spitzenverb\u00e4nden, die Mitarbeit in Normierungsgremien und Arbeitskreisen sowie die F\u00f6rderung des Dialogs mit Kommunen in Deutschland durch Fachtagungen und Informationsveranstaltungen. Dabei sehen wir uns nicht als Lobbyvertretung, sondern als zentrale Anlauf- und Schnittstelle zur Politik, um gemeinsam die anspruchsvolle Aufgabe einer fl\u00e4chendeckenden Bev\u00f6lkerungswarnung in Deutschland zu erreichen. <\/p>\n<\/div>\n<\/div>\n\n\n\n<figure class=\"wp-block-image size-large\"><img loading=\"lazy\" decoding=\"async\" width=\"1024\" height=\"581\" src=\"https:\/\/vhbw.org\/wp-content\/uploads\/2024\/10\/VHBW_Logo-2-1024x581.jpg\" alt=\"\" class=\"wp-image-231\" srcset=\"https:\/\/vhbw.org\/wp-content\/uploads\/2024\/10\/VHBW_Logo-2-1024x581.jpg 1024w, https:\/\/vhbw.org\/wp-content\/uploads\/2024\/10\/VHBW_Logo-2-300x170.jpg 300w, https:\/\/vhbw.org\/wp-content\/uploads\/2024\/10\/VHBW_Logo-2-768x436.jpg 768w, https:\/\/vhbw.org\/wp-content\/uploads\/2024\/10\/VHBW_Logo-2-1536x871.jpg 1536w, https:\/\/vhbw.org\/wp-content\/uploads\/2024\/10\/VHBW_Logo-2.jpg 1627w\" sizes=\"auto, (max-width: 1024px) 100vw, 1024px\" \/><\/figure>\n\n\n\n<div class=\"wp-block-group alignwide has-tertiary-background-color has-background has-global-padding is-layout-constrained wp-container-core-group-is-layout-7276a2bb wp-block-group-is-layout-constrained\" style=\"margin-top:0;margin-bottom:0;padding-top:var(--wp--preset--spacing--60);padding-right:var(--wp--preset--spacing--30);padding-bottom:var(--wp--preset--spacing--60);padding-left:var(--wp--preset--spacing--30)\">\n<div class=\"wp-block-group alignwide has-global-padding is-content-justification-left is-layout-constrained wp-container-core-group-is-layout-8b4c372c wp-block-group-is-layout-constrained\">\n<h2 class=\"wp-block-heading alignwide has-text-align-left has-body-font-family has-large-font-size\">Vorstand und Gesch\u00e4ftsf\u00fchrung <\/h2>\n\n\n\n<p class=\"has-text-align-left\" style=\"margin-top:16px\">Als Verband b\u00fcndeln wir unsere Expertise und unsere Kontakte, um den Aufbau der fl\u00e4chendeckende Sirenenwarnung in Deutschland voranzutreiben und zu st\u00e4rken.<\/p>\n<\/div>\n\n\n\n<div class=\"wp-block-columns alignwide is-layout-flex wp-container-core-columns-is-layout-d0846407 wp-block-columns-is-layout-flex\">\n<div class=\"wp-block-column is-layout-flow wp-block-column-is-layout-flow\">\n<figure class=\"wp-block-image size-large is-style-rounded is-style-rounded--1\"><img loading=\"lazy\" decoding=\"async\" width=\"1024\" height=\"1016\" src=\"https:\/\/vhbw.org\/wp-content\/uploads\/2024\/09\/Anna-Hoermann-HWS-1024x1016.jpg\" alt=\"\" class=\"wp-image-87\" style=\"aspect-ratio:1;object-fit:cover\" srcset=\"https:\/\/vhbw.org\/wp-content\/uploads\/2024\/09\/Anna-Hoermann-HWS-1024x1016.jpg 1024w, https:\/\/vhbw.org\/wp-content\/uploads\/2024\/09\/Anna-Hoermann-HWS-300x298.jpg 300w, https:\/\/vhbw.org\/wp-content\/uploads\/2024\/09\/Anna-Hoermann-HWS-150x150.jpg 150w, https:\/\/vhbw.org\/wp-content\/uploads\/2024\/09\/Anna-Hoermann-HWS-768x762.jpg 768w, https:\/\/vhbw.org\/wp-content\/uploads\/2024\/09\/Anna-Hoermann-HWS-1536x1523.jpg 1536w, https:\/\/vhbw.org\/wp-content\/uploads\/2024\/09\/Anna-Hoermann-HWS-2048x2031.jpg 2048w\" sizes=\"auto, (max-width: 1024px) 100vw, 1024px\" \/><\/figure>\n\n\n\n<h4 class=\"wp-block-heading has-text-align-center\" style=\"margin-top:20px;font-size:clamp(14px, 0.875rem + ((1vw - 3.2px) * 0.625), 20px);\">Anna H\u00f6rmann<\/h4>\n\n\n\n<p class=\"has-text-align-center has-primary-color has-text-color has-small-font-size\" style=\"margin-top:4px\">Vorstandsvorsitzende<\/p>\n\n\n\n<ul class=\"wp-block-social-links has-small-icon-size has-icon-color is-style-logos-only is-content-justification-center is-layout-flex wp-container-core-social-links-is-layout-ce9397e5 wp-block-social-links-is-layout-flex\" style=\"margin-top:24px\"><li style=\"color:#0B0620;\" class=\"wp-social-link wp-social-link-linkedin has-foreground-color wp-block-social-link\"><a href=\"#\" class=\"wp-block-social-link-anchor\"><svg width=\"24\" height=\"24\" viewBox=\"0 0 24 24\" version=\"1.1\" xmlns=\"http:\/\/www.w3.org\/2000\/svg\" aria-hidden=\"true\" focusable=\"false\"><path d=\"M19.7,3H4.3C3.582,3,3,3.582,3,4.3v15.4C3,20.418,3.582,21,4.3,21h15.4c0.718,0,1.3-0.582,1.3-1.3V4.3 C21,3.582,20.418,3,19.7,3z M8.339,18.338H5.667v-8.59h2.672V18.338z M7.004,8.574c-0.857,0-1.549-0.694-1.549-1.548 c0-0.855,0.691-1.548,1.549-1.548c0.854,0,1.547,0.694,1.547,1.548C8.551,7.881,7.858,8.574,7.004,8.574z M18.339,18.338h-2.669 v-4.177c0-0.996-0.017-2.278-1.387-2.278c-1.389,0-1.601,1.086-1.601,2.206v4.249h-2.667v-8.59h2.559v1.174h0.037 c0.356-0.675,1.227-1.387,2.526-1.387c2.703,0,3.203,1.779,3.203,4.092V18.338z\"><\/path><\/svg><span class=\"wp-block-social-link-label screen-reader-text\">LinkedIn<\/span><\/a><\/li><\/ul>\n<\/div>\n\n\n\n<div class=\"wp-block-column is-layout-flow wp-block-column-is-layout-flow\">\n<figure class=\"wp-block-image size-full is-style-rounded is-style-rounded--2\"><img loading=\"lazy\" decoding=\"async\" width=\"556\" height=\"556\" src=\"https:\/\/vhbw.org\/wp-content\/uploads\/2024\/09\/Susanne-von-Raben-Stellvertretende-Vorstandsvorsitzende-VHBWeV-1.jpg.png\" alt=\"\" class=\"wp-image-167\" style=\"aspect-ratio:1;object-fit:cover\" srcset=\"https:\/\/vhbw.org\/wp-content\/uploads\/2024\/09\/Susanne-von-Raben-Stellvertretende-Vorstandsvorsitzende-VHBWeV-1.jpg.png 556w, https:\/\/vhbw.org\/wp-content\/uploads\/2024\/09\/Susanne-von-Raben-Stellvertretende-Vorstandsvorsitzende-VHBWeV-1.jpg-300x300.png 300w, https:\/\/vhbw.org\/wp-content\/uploads\/2024\/09\/Susanne-von-Raben-Stellvertretende-Vorstandsvorsitzende-VHBWeV-1.jpg-150x150.png 150w\" sizes=\"auto, (max-width: 556px) 100vw, 556px\" \/><\/figure>\n\n\n\n<h4 class=\"wp-block-heading has-text-align-center\" style=\"margin-top:20px;font-size:clamp(14px, 0.875rem + ((1vw - 3.2px) * 0.625), 20px);\">Susanne v. Raben<\/h4>\n\n\n\n<p class=\"has-text-align-center has-primary-color has-text-color has-small-font-size\" style=\"margin-top:4px\">Stellvertretende Vorstandsvorsitzende<\/p>\n\n\n\n<ul class=\"wp-block-social-links has-small-icon-size has-icon-color is-style-logos-only is-content-justification-center is-layout-flex wp-container-core-social-links-is-layout-ce9397e5 wp-block-social-links-is-layout-flex\" style=\"margin-top:24px\"><li style=\"color:#0B0620;\" class=\"wp-social-link wp-social-link-linkedin has-foreground-color wp-block-social-link\"><a href=\"#\" class=\"wp-block-social-link-anchor\"><svg width=\"24\" height=\"24\" viewBox=\"0 0 24 24\" version=\"1.1\" xmlns=\"http:\/\/www.w3.org\/2000\/svg\" aria-hidden=\"true\" focusable=\"false\"><path d=\"M19.7,3H4.3C3.582,3,3,3.582,3,4.3v15.4C3,20.418,3.582,21,4.3,21h15.4c0.718,0,1.3-0.582,1.3-1.3V4.3 C21,3.582,20.418,3,19.7,3z M8.339,18.338H5.667v-8.59h2.672V18.338z M7.004,8.574c-0.857,0-1.549-0.694-1.549-1.548 c0-0.855,0.691-1.548,1.549-1.548c0.854,0,1.547,0.694,1.547,1.548C8.551,7.881,7.858,8.574,7.004,8.574z M18.339,18.338h-2.669 v-4.177c0-0.996-0.017-2.278-1.387-2.278c-1.389,0-1.601,1.086-1.601,2.206v4.249h-2.667v-8.59h2.559v1.174h0.037 c0.356-0.675,1.227-1.387,2.526-1.387c2.703,0,3.203,1.779,3.203,4.092V18.338z\"><\/path><\/svg><span class=\"wp-block-social-link-label screen-reader-text\">LinkedIn<\/span><\/a><\/li><\/ul>\n<\/div>\n\n\n\n<div class=\"wp-block-column is-layout-flow wp-block-column-is-layout-flow\">\n<figure class=\"wp-block-image size-full is-style-rounded is-style-rounded--3\"><img loading=\"lazy\" decoding=\"async\" width=\"1851\" height=\"2043\" src=\"https:\/\/vhbw.org\/wp-content\/uploads\/2024\/10\/Portrait_Thomas_Aicher_DSF2764_1.jpg\" alt=\"\" class=\"wp-image-409\" style=\"aspect-ratio:1;object-fit:cover\" srcset=\"https:\/\/vhbw.org\/wp-content\/uploads\/2024\/10\/Portrait_Thomas_Aicher_DSF2764_1.jpg 1851w, https:\/\/vhbw.org\/wp-content\/uploads\/2024\/10\/Portrait_Thomas_Aicher_DSF2764_1-272x300.jpg 272w, https:\/\/vhbw.org\/wp-content\/uploads\/2024\/10\/Portrait_Thomas_Aicher_DSF2764_1-928x1024.jpg 928w, https:\/\/vhbw.org\/wp-content\/uploads\/2024\/10\/Portrait_Thomas_Aicher_DSF2764_1-768x848.jpg 768w, https:\/\/vhbw.org\/wp-content\/uploads\/2024\/10\/Portrait_Thomas_Aicher_DSF2764_1-1392x1536.jpg 1392w\" sizes=\"auto, (max-width: 1851px) 100vw, 1851px\" \/><\/figure>\n\n\n\n<h4 class=\"wp-block-heading has-text-align-center\" style=\"margin-top:20px;font-size:clamp(14px, 0.875rem + ((1vw - 3.2px) * 0.625), 20px);\">Thomas Aicher<\/h4>\n\n\n\n<p class=\"has-text-align-center has-primary-color has-text-color has-small-font-size\" style=\"margin-top:4px\">Stellvertretender Vorstandsvorsitzender<\/p>\n\n\n\n<ul class=\"wp-block-social-links has-small-icon-size has-icon-color is-style-logos-only is-content-justification-center is-layout-flex wp-container-core-social-links-is-layout-ce9397e5 wp-block-social-links-is-layout-flex\" style=\"margin-top:24px\"><\/ul>\n<\/div>\n<\/div>\n\n\n\n<div class=\"wp-block-columns alignwide is-layout-flex wp-container-core-columns-is-layout-d0846407 wp-block-columns-is-layout-flex\">\n<div class=\"wp-block-column is-layout-flow wp-block-column-is-layout-flow\">\n<figure class=\"wp-block-image size-full is-style-rounded is-style-rounded--4\"><img loading=\"lazy\" decoding=\"async\" width=\"556\" height=\"556\" src=\"https:\/\/vhbw.org\/wp-content\/uploads\/2024\/11\/Portraet-Benjamin_Taitsch-Stellvertretender-Vorstand-VHBW-Web.jpg\" alt=\"\" class=\"wp-image-430\" style=\"aspect-ratio:1;object-fit:cover\" srcset=\"https:\/\/vhbw.org\/wp-content\/uploads\/2024\/11\/Portraet-Benjamin_Taitsch-Stellvertretender-Vorstand-VHBW-Web.jpg 556w, https:\/\/vhbw.org\/wp-content\/uploads\/2024\/11\/Portraet-Benjamin_Taitsch-Stellvertretender-Vorstand-VHBW-Web-300x300.jpg 300w, https:\/\/vhbw.org\/wp-content\/uploads\/2024\/11\/Portraet-Benjamin_Taitsch-Stellvertretender-Vorstand-VHBW-Web-150x150.jpg 150w\" sizes=\"auto, (max-width: 556px) 100vw, 556px\" \/><\/figure>\n\n\n\n<h4 class=\"wp-block-heading has-text-align-center\" style=\"margin-top:20px;font-size:clamp(14px, 0.875rem + ((1vw - 3.2px) * 0.625), 20px);\">Benjamin Taitsch<\/h4>\n\n\n\n<p class=\"has-text-align-center has-primary-color has-text-color has-small-font-size\" style=\"margin-top:4px\">Stellvertretender Vorstandsvorsitzender<\/p>\n\n\n\n<ul class=\"wp-block-social-links has-small-icon-size has-icon-color is-style-logos-only is-content-justification-center is-layout-flex wp-container-core-social-links-is-layout-ce9397e5 wp-block-social-links-is-layout-flex\" style=\"margin-top:24px\"><li style=\"color:#0B0620;\" class=\"wp-social-link wp-social-link-linkedin has-foreground-color wp-block-social-link\"><a href=\"\" class=\"wp-block-social-link-anchor\"><svg width=\"24\" height=\"24\" viewBox=\"0 0 24 24\" version=\"1.1\" xmlns=\"http:\/\/www.w3.org\/2000\/svg\" aria-hidden=\"true\" focusable=\"false\"><path d=\"M19.7,3H4.3C3.582,3,3,3.582,3,4.3v15.4C3,20.418,3.582,21,4.3,21h15.4c0.718,0,1.3-0.582,1.3-1.3V4.3 C21,3.582,20.418,3,19.7,3z M8.339,18.338H5.667v-8.59h2.672V18.338z M7.004,8.574c-0.857,0-1.549-0.694-1.549-1.548 c0-0.855,0.691-1.548,1.549-1.548c0.854,0,1.547,0.694,1.547,1.548C8.551,7.881,7.858,8.574,7.004,8.574z M18.339,18.338h-2.669 v-4.177c0-0.996-0.017-2.278-1.387-2.278c-1.389,0-1.601,1.086-1.601,2.206v4.249h-2.667v-8.59h2.559v1.174h0.037 c0.356-0.675,1.227-1.387,2.526-1.387c2.703,0,3.203,1.779,3.203,4.092V18.338z\"><\/path><\/svg><span class=\"wp-block-social-link-label screen-reader-text\">LinkedIn<\/span><\/a><\/li><\/ul>\n<\/div>\n\n\n\n<div class=\"wp-block-column is-layout-flow wp-block-column-is-layout-flow\">\n<figure class=\"wp-block-image size-full is-style-rounded is-style-rounded--5\"><img loading=\"lazy\" decoding=\"async\" width=\"480\" height=\"480\" src=\"https:\/\/vhbw.org\/wp-content\/uploads\/2024\/09\/Benno-Schrief-Geschaeftsfuehrer-VHBWeV.jpg\" alt=\"\" class=\"wp-image-86\" style=\"aspect-ratio:1;object-fit:cover\" srcset=\"https:\/\/vhbw.org\/wp-content\/uploads\/2024\/09\/Benno-Schrief-Geschaeftsfuehrer-VHBWeV.jpg 480w, https:\/\/vhbw.org\/wp-content\/uploads\/2024\/09\/Benno-Schrief-Geschaeftsfuehrer-VHBWeV-300x300.jpg 300w, https:\/\/vhbw.org\/wp-content\/uploads\/2024\/09\/Benno-Schrief-Geschaeftsfuehrer-VHBWeV-150x150.jpg 150w\" sizes=\"auto, (max-width: 480px) 100vw, 480px\" \/><\/figure>\n\n\n\n<h4 class=\"wp-block-heading has-text-align-center\" style=\"margin-top:20px;font-size:clamp(14px, 0.875rem + ((1vw - 3.2px) * 0.625), 20px);\">Benno Schrief<\/h4>\n\n\n\n<p class=\"has-text-align-center has-primary-color has-text-color has-small-font-size\" style=\"margin-top:4px\">Gesch\u00e4ftsf\u00fchrer<\/p>\n\n\n\n<ul class=\"wp-block-social-links has-small-icon-size has-icon-color is-style-logos-only is-content-justification-center is-layout-flex wp-container-core-social-links-is-layout-ce9397e5 wp-block-social-links-is-layout-flex\" style=\"margin-top:24px\"><li style=\"color:#0B0620;\" class=\"wp-social-link wp-social-link-linkedin has-foreground-color wp-block-social-link\"><a href=\"#\" class=\"wp-block-social-link-anchor\"><svg width=\"24\" height=\"24\" viewBox=\"0 0 24 24\" version=\"1.1\" xmlns=\"http:\/\/www.w3.org\/2000\/svg\" aria-hidden=\"true\" focusable=\"false\"><path d=\"M19.7,3H4.3C3.582,3,3,3.582,3,4.3v15.4C3,20.418,3.582,21,4.3,21h15.4c0.718,0,1.3-0.582,1.3-1.3V4.3 C21,3.582,20.418,3,19.7,3z M8.339,18.338H5.667v-8.59h2.672V18.338z M7.004,8.574c-0.857,0-1.549-0.694-1.549-1.548 c0-0.855,0.691-1.548,1.549-1.548c0.854,0,1.547,0.694,1.547,1.548C8.551,7.881,7.858,8.574,7.004,8.574z M18.339,18.338h-2.669 v-4.177c0-0.996-0.017-2.278-1.387-2.278c-1.389,0-1.601,1.086-1.601,2.206v4.249h-2.667v-8.59h2.559v1.174h0.037 c0.356-0.675,1.227-1.387,2.526-1.387c2.703,0,3.203,1.779,3.203,4.092V18.338z\"><\/path><\/svg><span class=\"wp-block-social-link-label screen-reader-text\">LinkedIn<\/span><\/a><\/li><\/ul>\n<\/div>\n\n\n\n<div class=\"wp-block-column is-layout-flow wp-block-column-is-layout-flow\"><\/div>\n<\/div>\n<\/div>\n\n\n\n<div class=\"wp-block-group alignwide has-global-padding is-content-justification-left is-layout-constrained wp-container-core-group-is-layout-12dd3699 wp-block-group-is-layout-constrained\">\n<h2 class=\"wp-block-heading alignwide has-text-align-left\">Satzung<\/h2>\n\n\n\n<div class=\"wp-block-group is-nowrap is-layout-flex wp-container-core-group-is-layout-6c531013 wp-block-group-is-layout-flex\">\n<p class=\"has-medium-font-size wp-container-content-f22b2ade\">Weitere Informationen zum Verband der Hersteller von Bev\u00f6lkerungswarnsystemen e.V. finden Sie in unserer Satzung.<\/p>\n\n\n\n<div class=\"wp-block-buttons wp-container-content-f22b2ade is-horizontal is-content-justification-right is-layout-flex wp-container-core-buttons-is-layout-c68c1eae wp-block-buttons-is-layout-flex\">\n<div class=\"wp-block-button has-custom-width wp-block-button__width-75\"><a class=\"wp-block-button__link has-base-2-color has-accent-3-background-color has-text-color has-background has-link-color has-body-font-family has-large-font-size has-custom-font-size wp-element-button\" href=\"\/satzung\">Zur Satzung<\/a><\/div>\n<\/div>\n<\/div>\n<\/div>\n\n\n\n<div class=\"wp-block-group alignfull has-global-padding is-layout-constrained wp-block-group-is-layout-constrained\">\n<div class=\"wp-block-cover alignfull\" style=\"margin-top:200px\"><span aria-hidden=\"true\" class=\"wp-block-cover__background has-background-dim-60 has-background-dim\"><\/span><div class=\"wp-block-cover__inner-container has-global-padding is-layout-constrained wp-block-cover-is-layout-constrained\">\n<h2 class=\"wp-block-heading has-text-align-left has-base-2-color has-text-color has-link-color wp-elements-ba65e05f7942ab56923647f593401644\" style=\"margin-top:16px\">Wir beachten das Kartellrecht<\/h2>\n\n\n\n<p>Wir als VHBW e.V. und unsere Mitglieder bekennen uns uneingeschr\u00e4nkt zu den Grunds\u00e4tzen eines sauberen, echten Wettbewerbs. <\/p>\n\n\n\n<div class=\"wp-block-buttons is-layout-flex wp-block-buttons-is-layout-flex\">\n<div class=\"wp-block-button has-custom-width wp-block-button__width-100 is-style-fill\"><a class=\"wp-block-button__link has-base-2-color has-accent-3-background-color has-text-color has-background has-link-color has-body-font-family has-large-font-size has-custom-font-size wp-element-button\" href=\"\/compliance\/\">Unsere Compliance-Vereinbarung<\/a><\/div>\n<\/div>\n<\/div><\/div>\n<\/div>\n","protected":false},"excerpt":{"rendered":"<p>Aufgaben &amp; Ziele Der Verband der Hersteller von Bev\u00f6lkerungswarnsystemen e.V. VHBW mit Sitz in M\u00fcnchen ist eine Interessenvereinigung zur St\u00e4rkung der Bev\u00f6lkerungswarnung in Deutschland. Ziel und Aufgabe sind die Zusammenarbeit u.a. mit kommunalen Spitzenverb\u00e4nden, die Mitarbeit in Normierungsgremien und Arbeitskreisen sowie die F\u00f6rderung des Dialogs mit Kommunen in Deutschland durch Fachtagungen und Informationsveranstaltungen. Dabei sehen [&hellip;]<\/p>\n","protected":false},"author":1,"featured_media":0,"parent":0,"menu_order":0,"comment_status":"closed","ping_status":"closed","template":"page-no-title","meta":{"footnotes":""},"class_list":["post-13","page","type-page","status-publish","hentry"],"aioseo_notices":[],"_links":{"self":[{"href":"https:\/\/vhbw.org\/home\/wp-json\/wp\/v2\/pages\/13","targetHints":{"allow":["GET"]}}],"collection":[{"href":"https:\/\/vhbw.org\/home\/wp-json\/wp\/v2\/pages"}],"about":[{"href":"https:\/\/vhbw.org\/home\/wp-json\/wp\/v2\/types\/page"}],"author":[{"embeddable":true,"href":"https:\/\/vhbw.org\/home\/wp-json\/wp\/v2\/users\/1"}],"replies":[{"embeddable":true,"href":"https:\/\/vhbw.org\/home\/wp-json\/wp\/v2\/comments?post=13"}],"version-history":[{"count":66,"href":"https:\/\/vhbw.org\/home\/wp-json\/wp\/v2\/pages\/13\/revisions"}],"predecessor-version":[{"id":556,"href":"https:\/\/vhbw.org\/home\/wp-json\/wp\/v2\/pages\/13\/revisions\/556"}],"wp:attachment":[{"href":"https:\/\/vhbw.org\/home\/wp-json\/wp\/v2\/media?parent=13"}],"curies":[{"name":"wp","href":"https:\/\/api.w.org\/{rel}","templated":true}]}}